= -i*o - 6*o**2 + o**3 - 4 + o + 3*o. Calculate the remainder when 14 is divided by b(6).
6
Let i(x) = -x**3 + 8*x**2 - 9*x + 6. Let v be i(6). Let q = 35 - v. What is the remainder when 32 is divided by q?
10
Let v(q) = -3*q - 2. Let k be v(-2). Suppose 0*p - 44 = -k*p. Let h = 33 + -13. Calculate the remainder when h is divided by p.
9
Let p be (2 + -8)*9/2. Let b = p + 43. Let k = 12 - -35. What is the remainder when k is divided by b?
15
Let u(o) = 14*o - 4. Suppose 3*p = p + 20. Calculate the remainder when u(3) is divided by p.
8
Let d = 151 + -8. What is the remainder when d is divided by 36?
35
Suppose 57 = 5*v - 28. What is the remainder when 135 is divided by v?
16
Suppose 2*v = v. Suppose v = 2*u - 9 - 11. Calculate the remainder when 17 is divided by u.
7
Let l = -10 - -12. Suppose -40 = -4*w + l*w. Suppose -p = -24 - 34. Calculate the remainder when p is divided by w.
18
Let b be 0 + -66 + 10/5. Let l = b - 34. Let v = 149 + l. Calculate the remainder when v is divided by 13.
12
Suppose -s + a + 0 = -10, 18 = s - 5*a. Let w = s + -5. Let v(u) = u**2 - 18*u + 34. Calculate the remainder when w is divided by v(16).
1
Suppose -5*m + 0*m + 510 = 0. What is the remainder when m is divided by 26?
24
Suppose -q - 59 = -3*s, 2*s - 26 = -q - q. What is the remainder when s is divided by 11?
7
Let t be (-3 + 3)/((-2)/2). Calculate the remainder when 39 is divided by 1*t/2 - -20.
19
Suppose -k - 22 = -72. Suppose -50 = -3*f - 4*w + 21, 5*w - 8 = f. What is the remainder when k is divided by f?
16
Suppose -4*w = 4*w - 240. What is the remainder when w is divided by 11?
8
Let x(i) = -2*i - 12. Let g be x(-7). Suppose 36 = -g*a + 4*a. Calculate the remainder when 33 is divided by a.
15
Suppose a = -3*d + 16, -2*a - 2*d = -4*d. Suppose -5*f = 4*n - 47, -46 = -a*f - 0*n + n. Calculate the remainder when f is divided by 6.
5
Suppose 0*j = -4*j - c + 178, 2*j - 88 = -c. Let w = -1 - -17. Calculate the remainder when j is divided by w.
13
Suppose 0 = -2*q + 7*q + 30. Let w = q + 11. What is the remainder when (-6)/15 - (-111)/15 is divided by w?
2
Let o(g) = g + 2. Let m be o(-2). Suppose 0 = -m*z - 2*z + 30. What is the remainder when -2*((-16 - 0) + 2) is divided by z?
13
Let q(l) = l**3 - l + 9. Let v be q(0). Let p = v + -7. What is the remainder when p is divided by 2?
0
Suppose 4*y + 27 = 4*x - 1, 2*y = x - 8. Suppose -5*m + x = -119. Suppose 2*g - 7*g + 65 = 0. What is the remainder when m is divided by g?
12
Suppose 41*m = 45*m - 32. What is the remainder when 13 is divided by m?
5
Let c(j) = 37*j**3. Calculate the remainder when c(1) is divided by 10.
7
Suppose 0 = -2*k - 5*n + 88, -4*k + n - 4*n = -148. Let l be 2/(-6) - 156/(-9). Let b = l - 5. What is the remainder when k is divided by b?
10
Let o(h) = 2*h - 2. What is the remainder when 81 is divided by o(15)?
25
Let h be 2 + ((-12)/(-3))/(-1). Let s(g) = 3*g**2 + 2*g + 3. What is the remainder when s(h) is divided by 4?
3
Let r = -192 - -204. Suppose 2*m - 62 = -2*a, 0 = -2*m + a - 6*a + 50. Calculate the remainder when m is divided by r.
11
Suppose 4*o - 3*o - 5*d - 13 = 0, 3*o = -5*d + 79. Calculate the remainder when o is divided by 8.
7
Calculate the remainder when -38*(-1 + 4/(-4)) is divided by 11.
10
Suppose 3*j = 3*b - 456, -2*b + 4*j + 389 - 83 = 0. Suppose -5*l = -2*q + 89, 5*q + l = b + 4. What is the remainder when 125 is divided by q?
29
Let k = 9 + -7. Suppose 5*a = 2*r + 35 + 22, 38 = 3*a - 5*r. Let m = a + k. Calculate the remainder when 38 is divided by m.
12
Suppose 380 + 1167 = 13*n. What is the remainder when n is divided by 20?
19
Let y(g) = -g + 5. Suppose -1 - 4 = -p - 3*i, -3*p + 5*i - 55 = 0. What is the remainder when y(p) is divided by 8?
7
Suppose -10 = -4*l + 6, -4*t + 76 = 3*l. What is the remainder when 23 is divided by t?
7
Let n be -2*(-21)/12*10. Suppose -3*y = 2*y - n. What is the remainder when 20 is divided by y?
6
Let w(m) = 14*m - 2. What is the remainder when w(5) is divided by 18?
14
Let b(z) = 41*z**3 - z**2 + z. What is the remainder when b(1) is divided by 11?
8
Let f(c) = -c**3 + 2*c**2 + 4*c + 1. Let x be f(3). Suppose -x*w - 2*l + 21 = 3, 4*w - 17 = -3*l. What is the remainder when w is divided by 2?
1
Let j = -126 - -144. Let q = 355 - 177. Suppose 0 = -4*l - m + 138, 0*l + 5*l = -4*m + q. What is the remainder when l is divided by j?
16
Let k be 1 + -2 + 1 + 2. Let l(m) = 3*m**3 - m**2 - 2*m + 3. Let o(t) = 7*t**3 - t + 1. Calculate the remainder when l(k) is divided by o(1).
5
Suppose -8*d + 4*d = -i - 23, -3*d + i = -17. Calculate the remainder when 23 is divided by d.
5
Suppose -2*m - 4*p + 42 + 4 = 0, 4*p - 1 = m. Let k be ((-5)/(-10))/(2/12). Suppose -9 = -k*t + 15. Calculate the remainder when m is divided by t.
7
Let w(v) = -v + 10. Suppose -18 = -4*b + b. Calculate the remainder when w(-7) is divided by b.
5
Suppose -3*x + 3*g = -153, 198 = 4*x - 0*g - g. Calculate the remainder when x is divided by 17.
15
Suppose 4 = 2*x - 5*f + 8, 0 = -2*x + 3*f + 4. What is the remainder when 21 is divided by x?
5
Let t = -25 + 66. What is the remainder when t is divided by (-10 - -8) + 6*8/3?
13
Let a = 82 + -58. Calculate the remainder when 117 is divided by a.
21
Let n(c) = c**3 + 12*c**2 - 2*c - 12. Suppose 6*r = 2*r - 4, 5*i + 58 = 2*r. Let h = -17 + 40. Calculate the remainder when h is divided by n(i).
11
Suppose 4*w + 60 = 3*y, 2*w - 3 = -3*y - 51. Let m be (w/15)/(2/(-220)). Calculate the remainder when 38 is divided by (-2)/10 - m/(-10).
12
Let v = -5 - -13. Let z(g) = -g**2 + 12*g + 7. Let y be z(9). Let i = -12 + y. Calculate the remainder when i is divided by v.
6
Suppose 24 = -4*g + 4. Let p(n) = -n**3 - 6*n**2 - 7*n - 5. What is the remainder when 18 is divided by p(g)?
3
Let f(q) = q**3 - 7*q**2 + 8*q - 6. Let y be f(7). Let x = y + -29. Calculate the remainder when 81 is divided by x.
18
Let s be (238/21)/(4/126). Suppose 101 = -4*r + s. What is the remainder when r is divided by 17?
13
Let z(v) = -v**2 - 15*v + 9. Calculate the remainder when 70 is divided by z(-15).
7
Calculate the remainder when (-2)/(-1*(-4)/(-178)) is divided by 23.
20
Suppose -197 - 8 = -5*w. Suppose -4*r + 67 = 23. Calculate the remainder when w is divided by r.
8
Calculate the remainder when (2/6)/((-2)/46)*-3 is divided by 9.
5
Let b(i) = 7*i - 5. What is the remainder when 15 is divided by b(2)?
6
Let g(a) = a**3 - 4*a**2 - 3*a + 5. Let m be g(4). Let h = -3 - m. What is the remainder when h is divided by (12 - 7)*(-3)/(-5)?
1
Let y(s) = -2*s + 4. Suppose 5*h = z + 2*h - 18, -3*h - 54 = -4*z. What is the remainder when y(-20) is divided by z?
8
Let r(u) = u**3 + 11*u**2 + 2*u + 9. Let t(n) = 2*n**3 + 22*n**2 + 5*n + 17. Let p(k) = 9*r(k) - 4*t(k). Calculate the remainder when p(-11) is divided by 12.
11
Let b = 130 - 77. Calculate the remainder when 263 is divided by b.
51
Suppose 3*t - 4*t + 35 = 0. Calculate the remainder when t is divided by -1 + 1 + 36*(-6)/(-12).
17
Suppose 7 - 2 = 5*m. Let a(c) = -c + 3. Calculate the remainder when a(0) is divided by m.
0
Let g = 5 - -5. Let y be (-434)/(-6) + (-3)/9. Suppose 3*t = -t + y. Calculate the remainder when t is divided by g.
8
Let m = -1 + 4. Suppose -m*j = -6*j + 9. Calculate the remainder when 10 is divided by j.
1
Let h be 11/(-3) + (-1)/3. Let y(s) = -s**3 + 12*s**2 + 14*s + 2. What is the remainder when y(13) is divided by (12/7)/(h/(-14))?
3
Suppose -3*a + 21 = -0*a. Calculate the remainder when a is divided by 3.
1
Let v be ((-9)/6)/((-6)/8). Suppose v*s + s = 45. Calculate the remainder when s is divided by 8.
7
Let q = 34 + -15. Calculate the remainder when q is divided by 5.
4
Let s be (-10)/(-3)*(-1 + 4). Let v = s + -5. What is the remainder when v is divided by 3?
2
Let a be 1*(1 + 139/1). Suppose a = -2*i + 4*i. Suppose -3*r - 2 = 4*t - i, 52 = 3*t + 2*r. What is the remainder when t is divided by 11?
9
Let v(k) be the first derivative of -k**2/2 + 4*k - 1. Let n be ((-3)/(-3))/(4/(-20)). What is the remainder when 25 is divided by v(n)?
7
Let j = 159 + -122. Calculate the remainder when 219 is divided by j.
34
Let q = 3 + -1. Suppose 1 = q*x - 1. Calculate the remainder when x*(0 + 34/2) is divided by 6.
5
Calculate the remainder when 85 is divided by (1/3)/((-6)/(-414)).
16
Sup